y (4 - s) + 0/(-2).
1
Suppose -3*k + 528 = 2*w - 4*k, -1333 = -5*w - 4*k. What is the remainder when w is divided by 54?
49
Suppose 0 = -6*h - 341 - 307. Let f = -41 - h. Calculate the remainder when f is divided by 14.
11
Let v(g) = -2*g**3 + g**2 + 3. Let t(d) = -2*d**2 + 7*d + 12. Let j be t(5). What is the remainder when v(j) is divided by 23?
20
Let p(u) = 4*u**2 + u - 12. Calculate the remainder when 210/(0 - -2) - 1 is divided by p(-3).
20
Let j(y) = -y**3 + 4*y**2 + y - 2. Suppose i - 3 = -0*i. Suppose -10*q - 21 = -17*q. Calculate the remainder when j(i) is divided by q.
1
Let n = -24 - -42. Suppose f - 50 = j - 4*j, 3*f = j + 120. Suppose 43*q - f*q = 10. Calculate the remainder when n is divided by q.
3
Let q(j) = j**2 - 6*j - 12. Let l be q(7). Calculate the remainder when 1 - (l + (-2 - 2)) is divided by 2.
0
Let i = 175 + -112. Let g = i + -37. Suppose 5*c - g = 39. Calculate the remainder when 49 is divided by c.
10
Let i be (41 - -2)/(3 - (0 + 2)). Let t = i - 40. Calculate the remainder when 8 is divided by t.
2
Let x(u) = u**3 - 45*u**2 - 42*u + 69. What is the remainder when x(46) is divided by 8?
5
Calculate the remainder when 2*((-252)/84)/(6/(-92)) is divided by 54.
38
Let f be ((-158)/(-6) - 0)/((-1)/(-3)). Let o = -44 + f. Let x(w) = 2*w**3 + 2*w - 2. What is the remainder when o is divided by x(2)?
17
Let q(k) = k**2 + k + 3. Let g be q(-2). Suppose -g*j + 2*r + 588 = 0, -r = -4*j + 2*r + 469. What is the remainder when j is divided by 15?
13
Suppose 0 - 6 = -3*w. Suppose 0 = 66*q - 47*q - 190. What is the remainder when (2 - 1)/(w/98) is divided by q?
9
Calculate the remainder when (1696/(-224))/((-5)/35) is divided by 28.
25
Suppose -244 = -7*l + 1079. Calculate the remainder when l is divided by 88.
13
Calculate the remainder when 48 is divided by (5/15)/((-5)/(-465)).
17
Let f(x) = 11*x**2 - 40*x - 206. Calculate the remainder when f(-4) is divided by 2.
0
Let m(y) = 9*y**2 + 3*y + 4. Let q(s) = s + 23. Let p be q(-7). Suppose 6*a - p*a + 260 = 0. Calculate the remainder when m(-3) is divided by a.
24
Let m(v) = 95*v - 4. What is the remainder when m(1) is divided by 46?
45
Calculate the remainder when (1 + (-789)/15)/((-22)/55) is divided by 46.
37
Let x = -1315 + 1741. What is the remainder when x is divided by 11?
8
Let f = 68 - 71. What is the remainder when 50 is divided by (0 - -1)*-3*(f + -6)?
23
Suppose h + 34 = 3*h. Let k(p) = p**3 + 5*p**2 + 5*p + 2. Suppose -10 = 2*u - 4. Calculate the remainder when h is divided by k(u).
2
Let d be 129*(3 - (-16)/(-6)). Suppose d*j - 48*j + 125 = 0. Calculate the remainder when 48 is divided by j.
23
Let h = 9 - 6. Calculate the remainder when 69 is divided by (918/(-17))/(h*2/(-4)).
33
Suppose -16*b + 13*b - 5*u = -49, b + 3*u = 19. What is the remainder when 207 is divided by b?
12
Suppose 7*d = 17*d - 120. What is the remainder when 106 is divided by d?
10
Suppose 4*x = 2*g - 20, -3*x - 9 - 6 = -3*g. Suppose 136 = 4*c - m + 2*m, 5*c - 5*m - 170 = g. What is the remainder when 64 is divided by c?
30
Suppose 95 = -5*y + n - 2*n, -5*y + n = 85. Let u = 20 + y. Suppose 2*p - 15 = -3*x, -5*p + u = -x + 7. Calculate the remainder when x is divided by 4.
1
Suppose 0 = 2*i - 0*i - 3*i. Suppose i = -4*l - 275 + 787. What is the remainder when l is divided by 43?
42
Let x(i) = 6*i - 1. Let d(n) = 2*n + 2. Let z be d(0). What is the remainder when 54 is divided by x(z)?
10
Let z be (14/4 + -4)*-6. Suppose -4*x - 10 = -i - 123, -93 = -4*x - z*i. Calculate the remainder when x is divided by 16.
11
Calculate the remainder when 155 is divided by 623/(-267) + (-230)/(-6).
11
Suppose -20 = p - 6*p. Suppose 0 = 5*c - p*c + 8. Let a = c - -13. Calculate the remainder when 17 is divided by a.
2
Suppose -5*b = -3*o - 273, -4*o = -6*b + 10*b - 244. Let d(f) = -2*f + 1. What is the remainder when b is divided by d(-7)?
12
Suppose 18 = -8*b + 11*b. Suppose b*m = 5*m + 91. What is the remainder when m is divided by 31?
29
Suppose -3*n - 21 = -5*c - n, 3*n = 6. Calculate the remainder when (-8)/((-80)/(-30))*-6 is divided by c.
3
What is the remainder when 58 is divided by ((-15)/50)/((-4)/120)?
4
What is the remainder when 88 is divided by (3077/181)/(3/2 - 1)?
20
Suppose 4*p + 3*c + 966 = 7*p, -p + 312 = -3*c. Calculate the remainder when p is divided by 110.
107
Let k(g) = -g**3 + 17*g**2 - 3*g - 19. What is the remainder when k(8) is divided by 4?
1
Suppose -2*m + 466 = 2*k, 694 = 4*k - k + 2*m. Calculate the remainder when k is divided by 62.
42
Calculate the remainder when (((-240)/(-70))/(-2))/(3/(-98)) is divided by 21.
14
Suppose 0 = -26*q - 0 + 52. Let v(m) = -m**3 + 4*m**2 - m. Let i be v(2). Calculate the remainder when ((-4)/6)/((-1)/i) is divided by q.
0
Calculate the remainder when 1491 is divided by ((-816)/(-21))/(62/217).
131
What is the remainder when (-105)/(-7)*1/3*25 is divided by 23?
10
Let t be -4*((-10)/4 - -3). What is the remainder when 9 is divided by 4/t + (8 - 0)?
3
Let r(p) = -24*p + 9. Let f be r(-3). Suppose 6*z = 5*z + f. What is the remainder when z is divided by 21?
18
Suppose -20 = -4*n - n. Suppose 0 = -4*h - n*c + 52, 2*h + 3*c + 0 = 24. What is the remainder when h is divided by 11?
4
Let w(v) = -3*v**3 - 3*v - 2. Let q be w(-1). What is the remainder when (-813)/(-9) + -4 - q/(-6) is divided by 18?
15
Suppose 5*j - 297 = -4*w, 4*j - 3*w - 250 = -0*j. Calculate the remainder when j is divided by 18.
7
Let l be -6 + (-3 + 5 - 3). Let d = -4 - l. Let z(n) = n**2 - 7*n + 7. Calculate the remainder when d is divided by z(6).
0
Let x be 3/((-19)/4 - -4). Calculate the remainder when 22 is divided by 63/6 - (-6)/x.
4
Let u(m) = -2 + 1 - 4 - 5*m + m**2 + 4. What is the remainder when 59 is divided by u(7)?
7
Calculate the remainder when 0/(3 - 7) + -6 - -331 is divided by 82.
79
Let k = 89 + -43. Let x be ((-10)/(350/(-21)))/(1/10). Suppose 0*o - x*o = -72. Calculate the remainder when k is divided by o.
10
Let z be -3 - (-3)/(9/69). Let v = -7 + z. Suppose -5*w = -v - 12. Calculate the remainder when 7 is divided by w.
2
Suppose 30*w = 22*w + 584. What is the remainder when w is divided by 21?
10
Let q(t) = t**3 - t**2 + 7. Let s be q(0). Suppose -80 = -s*c - 66. Calculate the remainder when 21 is divided by c.
1
Suppose 5*b - 2*g = 172, -5*b - g + 98 = -86. Suppose -m - b = -5*m. What is the remainder when 16 is divided by m?
7
Let a(h) be the first derivative of -12*h**2 - 21*h + 13. What is the remainder when a(-4) is divided by 19?
18
Suppose -w + 3*s + 37 = 0, -2*s + 4 = -3*s. Let u(a) = -90*a - 260. Calculate the remainder when w is divided by u(-3).
5
What is the remainder when 124 is divided by 1372/147 - 1*1/3?
7
Let l(n) = n**2 + n - 10. Let w be l(-5). Suppose 3*c - w = c. Calculate the remainder when 17 is divided by c.
2
Let g = 598 - 539. What is the remainder when g is divided by 7?
3
Suppose 0 = 18*o + o - 285. What is the remainder when 344 is divided by o?
14
Suppose -10*r = -20041 + 2031. What is the remainder when r is divided by 11?
8
What is the remainder when 20/6 + (-1)/3 is divided by 4/10*(-110)/(-22)?
1
Calculate the remainder when 444 is divided by (-4)/(-26) - (-19920)/312.
60
Let x(m) = 6*m**2 + 45*m - 367. Let d(n) = -n**3 - n + 30. Let o = 1 + -1. What is the remainder when d(o) is divided by x(5)?
6
Suppose 4*z - 48 = z. Suppose 0 = -2*m + m + 113. Suppose -4*i - m = -3*v - 8*i, -176 = -4*v + i. Calculate the remainder when v is divided by z.
11
Let p(m) = 15*m**2 - 58*m + 28. What is the remainder when p(8) is divided by 21?
20
Suppose m = -0*l - 4*l + 77, 2*m = -3*l + 64. Let q be 66/l + (-2)/(-6). Suppose 103 = q*b - 37. Calculate the remainder when b is divided by 10.
5
Let t = 270 + -199. What is the remainder when 136 is divided by t?
65
Suppose 0*x - 2*x + 68 = 0. Suppose 25*m - 3065 + 540 = 0. What is the remainder when m is divided by x?
33
Suppose 24*l - 9246 - 6306 = 0. Calculate the remainder when l is divided by 13.
11
Calculate the remainder when 42 is divided by -2 - (8/(-14) + 1406/(-259)).
2
Let l be (-3)/6 - 3/2. Let n(x) = x**3 + 2*x**2 - 6*x - 9. Calculate the remainder when 14 is divided by n(l).
2
Let w(n) = n. Let y be w(-2). Let g be 19 + (7 + -1)/y. Let h = 31 - g. Calculate the remainder when 57 